8)/5?
5
Suppose 10 = f - 2*i - 26, -10 = 2*i. What is the remainder when f is divided by 18?
8
Let d(x) = 6*x**2 - 2*x - 3. What is the remainder when 97 is divided by d(-2)?
22
Let b = 50 - 27. Let z(v) be the third derivative of v**5/20 + v**4/3 + 7*v**3/6 - 3*v**2. Calculate the remainder when z(-6) is divided by b.
21
Let q be (-4)/(-5)*20/8. Suppose 0 = -q*n + 5 + 3. Calculate the remainder when 63 - -1 - n/(-2) is divided by 17.
15
Let i be 8 - (-5)/((-5)/3). Suppose 3*k = -2*q + 2, k + 2*q = i*k + 2. Calculate the remainder when 46 is divided by 10 + (-1 - -3) - k.
10
Let a(j) = 4*j**2 + 3 - 2 + j**3 - 3 - 7*j. Let r be a(-6). Let v = 67 + r. What is the remainder when v is divided by 12?
11
Let v(w) be the third derivative of 0*w**3 + 3*w**2 + 3/20*w**5 + 1/24*w**4 + 0 + 0*w. Calculate the remainder when 18 is divided by v(1).
8
Let j be (-4)/6*(-102)/4. Suppose 2*d = j - 5. Suppose 0*t = t + 3*s - 21, t + 2*s = 21. Calculate the remainder when t is divided by d.
3
Suppose 2 = -o, -3*x - 2*o + 4 = -o. Suppose d = -x*k + 6, 4*k + 42 = 5*d + 2*k. What is the remainder when d is divided by 3?
2
Suppose -z + 4*r = -44, 3*r = -z + 3 + 6. Let p(x) be the third derivative of x**4/3 - 5*x**3/3 + x**2. Calculate the remainder when p(7) is divided by z.
22
Suppose 0 = -3*g + 10 + 14. Suppose s = 5*u - 18, 13*s - 15*s + 3*u = 8. Calculate the remainder when g is divided by s.
0
Let p(r) = -r**2 - 12*r - 6. Let o be p(-11). Suppose o = 4*v - 47. Suppose -m = -v - 12. What is the remainder when m is divided by 13?
12
Let q be 2/((-24)/333)*4. Let p = -74 - q. Suppose 4*n + 0*n = 52. Calculate the remainder when p is divided by n.
11
Let b = 0 + 3. Calculate the remainder when 29 is divided by 0 + (17 - (-1 + b)).
14
Let o(f) = -11*f + 6. Calculate the remainder when o(-5) is divided by 11.
6
Let x(t) be the third derivative of t**4/24 + t**3/6 - 5*t**2. Calculate the remainder when 7 is divided by x(4).
2
Let o(b) = -6*b - 8. Let l be o(-5). Suppose -5*y - l + 92 = 0. What is the remainder when 55 is divided by y?
13
Let b(o) = 73*o**2 + o - 2. Calculate the remainder when b(1) is divided by 37.
35
Let f(w) = w**3 - 4*w**2 - 3*w - 2. Let r be f(5). Let a(y) = y**2 - 7*y + 6. What is the remainder when a(r) is divided by 5?
4
What is the remainder when ((-20)/6)/((-4)/48) is divided by 14?
12
Calculate the remainder when 300 is divided by (1 + 0)/((-4)/(-172)).
42
Suppose 22 = 5*x - 23. Calculate the remainder when 41 is divided by x.
5
Let j be 5/(-20) - 2/(-8). Suppose j = v - z - 1, -2*v + 0*z = -3*z. Let p(o) = 13*o + 3. Calculate the remainder when p(v) is divided by 22.
20
Suppose 0 = c + 3*c - 76. Calculate the remainder when c is divided by 5.
4
Suppose 4*o + 2 = 14. Suppose -w + o*w = 46. Calculate the remainder when 67 is divided by w.
21
Let o = 55 - 49. Calculate the remainder when 23 is divided by o.
5
Let n = 3 - 1. Suppose 184 = n*g - 0*g. Let q = -61 + g. Calculate the remainder when q is divided by 11.
9
Let v(x) = 36*x. Let k be v(-1). Let o be ((-18)/(-4))/(27/k). What is the remainder when 55 is divided by ((-112)/20)/(o/15)?
13
Let p be ((-2)/(-6))/((-5)/(-45)). Suppose -3*t - 20 = 3*o - 2*o, -4*t - 18 = -p*o. Let x = 8 + t. What is the remainder when 3 is divided by x?
1
Let j = 40 - 21. What is the remainder when j is divided by 11?
8
Suppose -3*w + 5 = -2*z + 3*z, z = w - 3. Suppose -5*y + w*y + o = -14, 4*y - 3*o - 17 = 0. Suppose 4*f = y*f - 3. What is the remainder when f is divided by 2?
1
Let z = 49 - 27. Calculate the remainder when z is divided by 8.
6
Suppose -124 = -4*h - 0*h. Let y(c) = -12*c - 1. Calculate the remainder when h is divided by y(-1).
9
Let d(p) = -2*p**3 - 3*p**2 + 4*p - 1. Suppose -6 + 21 = 5*u. Let f = 2 + u. What is the remainder when d(-3) is divided by f?
4
Suppose -8*v + 6*v = o - 95, 5*o + 200 = 5*v. Let x(b) = -3*b**2 - b**3 - 3*b**3 + b**3. What is the remainder when v is divided by x(-2)?
9
Suppose -28 = -4*y + 32. Suppose 0 = -5*b + 7*b - 56. What is the remainder when b is divided by y?
13
Suppose -v = 4*v - 115. What is the remainder when v is divided by 13?
10
Suppose -p + 9 - 1 = 0. What is the remainder when 13 is divided by p?
5
Let i = 19 + -12. What is the remainder when 21 + 10/(-3 - 2) is divided by i?
5
Calculate the remainder when 61 is divided by 4 - (-13)/(52/48).
13
Let y = 126 + -66. Suppose -3*a = -0*a - y. Calculate the remainder when 39 is divided by a.
19
Suppose 0 = 4*c - 20, 53 - 162 = -4*b + 3*c. Suppose 4*u = 5 + b. Let h = 3 - -2. Calculate the remainder when u is divided by h.
4
Let a = -26 + 28. Calculate the remainder when 6 is divided by a.
0
Suppose -t = -2*t. Suppose -3*r + 146 + 16 = t. What is the remainder when r is divided by 14?
12
Calculate the remainder when 4/(-16)*-1*148 is divided by 10.
7
Let l(b) = 2*b + 80. Calculate the remainder when l(0) is divided by 27.
26
Let c(p) = -29*p + 1. Suppose -4 = 6*t - 4*t. Calculate the remainder when c(t) is divided by 15.
14
Suppose 7*j = 9*j - 66. Suppose t - 3*n - j = -2*t, t + n = 11. Calculate the remainder when t is divided by 7.
4
Let c = 94 + -52. What is the remainder when c is divided by 11?
9
Let p be 3/4 - (-6)/24. Let o = 2 + p. What is the remainder when 3 is divided by o?
0
Suppose -3*m - 4*q = -130, 3*q = 4*m + 4*q - 169. What is the remainder when m is divided by 11?
9
Let o(b) = b**2 + 6*b. Let z be o(-6). Suppose 3*r + 62 = 5*t, r + 14 = t - z*r. Calculate the remainder when 18 is divided by t.
8
Suppose 5*l = -i - 2*i + 46, i + 3 = 2*l. Suppose -20 = -4*g, -3*o = g - 39 - 20. What is the remainder when o is divided by i?
4
Suppose 0 = 2*q - 6. Suppose 3*m - 87 - 24 = 0. What is the remainder when m is divided by 13*3*q/9?
11
Suppose -180 = -4*c - 2*c. What is the remainder when c is divided by 8?
6
What is the remainder when 61 is divided by 17 + ((-6)/21 - (-10)/(-14))?
13
Let p(v) = 2*v**2 - 19*v - 27. Let q(y) = -y**2 + 10*y + 14. Let s(c) = -3*p(c) - 5*q(c). What is the remainder when s(8) is divided by 2?
1
Suppose 0 = 2*d - 2*y - 79 - 53, 306 = 5*d + 3*y. Suppose 0 = -3*c + 53 + 13. What is the remainder when d is divided by c?
19
Suppose -g + 3 = -0*g. Suppose -118 - 20 = -g*z. What is the remainder when z is divided by 12?
10
Calculate the remainder when (-3)/3*-68 + -1 is divided by 17.
16
Let b(k) = 2*k**2 - 12*k - 1. Calculate the remainder when 19 is divided by b(7).
6
Suppose 2*l - l = 3. Let p = 9 - l. Calculate the remainder when 17 is divided by p.
5
Let j = 11 + 0. Suppose -2 = -o - 5*s + j, 0 = -3*s + 3. What is the remainder when 22 is divided by o?
6
Let c = 41 + -19. Let u(m) = m**2 + 14*m - 7. What is the remainder when c is divided by u(-15)?
6
Suppose -r - 1 = -82. Calculate the remainder when r is divided by 28.
25
Let x = -2 + 4. Suppose -3*p + 119 = -5*a, -5*a = x*p - 3*a - 58. Suppose p - 7 = m. What is the remainder when m is divided by 14?
12
Let v = -33 - -47. Let b = -24 - -51. Calculate the remainder when b is divided by v.
13
What is the remainder when 9 is divided by 3/(-9)*-3 + 2?
0
Let p = 27 - 10. Calculate the remainder when p is divided by 4.
1
Let j(w) = -w**3 - 8*w**2 + 7*w - 9. Let t = 1 - -4. What is the remainder when j(-9) is divided by t?
4
Let x = 32 + -19. What is the remainder when 24 is divided by x?
11
Let r(d) = -d**3 - d**2 + 4*d + 3. Let y be r(-2). Let m be -1*2*y/(-2). Let f = 25 - m. What is the remainder when f is divided by 9?
8
Suppose -33 = -m - 2*r - 2*r, 31 = 3*m - 5*r. Let h = m + 18. What is the remainder when h is divided by 18?
17
Calculate the remainder when 708/18 + 2/3 is divided by 14.
12
Suppose 0 = -p + 3. Suppose 2 = 2*z - 2. Calculate the remainder when (p + 3)/2 + 0 is divided by z.
1
Calculate the remainder when (-4)/(-16)*-10*-42 is divided by 36.
33
Let b(i) = -i**3 - i**2 + i + 16. Calculate the remainder when b(0) is divided by 28/4*1 + -1.
4
Suppose 4 = -u + 10. Let r be ((-14)/u)/(4/(-12)). Suppose -r = -3*h + 8. Calculate the remainder when 9 is divided by h.
4
Let m(h) = -14*h + 4. Let j be m(-11). What is the remainder when j/18 + (-14)/(-63) is divided by 4?
1
Suppose 2*l + 5*v + 47 = 0, 1 = v + 2. Let n = l + 43. Calculate the remainder when n is divided by (8/(-5))/(1002/(-90) - -11).
10
Let l(u) = u